{"id":3768,"date":"2023-11-21T12:29:33","date_gmt":"2023-11-21T15:29:33","guid":{"rendered":"https:\/\/www.ischile.cl\/ischile2\/?post_type=member&#038;p=3768"},"modified":"2025-04-25T13:25:00","modified_gmt":"2025-04-25T16:25:00","slug":"solange-elena-nova-pino","status":"publish","type":"member","link":"https:\/\/www.ischile.cl\/index.php\/member\/solange-elena-nova-pino\/","title":{"rendered":"Solange Elena Nova Pino"},"content":{"rendered":"<div class=\"wpb-content-wrapper\"><p>[vc_row][vc_column][vc_column_text css=&#8221;&#8221;]Terapeuta Ocupacional de la Universidad Andr\u00e9s Bello. Obtiene la certificaci\u00f3n chilena como especialista en Integraci\u00f3n Sensorial otorgada por IS Chile el a\u00f1o 2022 (Reg.N\u00b0111) y la certificaci\u00f3n americana el a\u00f1o 2021 (USC, Reg. N\u00b02802).<\/p>\n<p>Cuenta con 7 a\u00f1os de experiencia en poblaci\u00f3n infantil con diagn\u00f3stico de Trastorno del Espectro Autista y trabaja actualmente en Centro Neuropeques.[\/vc_column_text][vc_column_text]CORREO DE CONTACTO:\u00a0 <strong>solange.n.pino@gmail.com<\/strong><\/p>\n<p>REGISTRO NACIONAL DE PRESTADORES DE SALUD: 400307[\/vc_column_text][\/vc_column][\/vc_row]<\/p>\n<\/div>","protected":false},"featured_media":3898,"menu_order":0,"comment_status":"closed","ping_status":"closed","template":"","member_cat":[],"class_list":["post-3768","member","type-member","status-publish","has-post-thumbnail","hentry"],"acf":[],"_links":{"self":[{"href":"https:\/\/www.ischile.cl\/index.php\/wp-json\/wp\/v2\/member\/3768","targetHints":{"allow":["GET"]}}],"collection":[{"href":"https:\/\/www.ischile.cl\/index.php\/wp-json\/wp\/v2\/member"}],"about":[{"href":"https:\/\/www.ischile.cl\/index.php\/wp-json\/wp\/v2\/types\/member"}],"replies":[{"embeddable":true,"href":"https:\/\/www.ischile.cl\/index.php\/wp-json\/wp\/v2\/comments?post=3768"}],"wp:featuredmedia":[{"embeddable":true,"href":"https:\/\/www.ischile.cl\/index.php\/wp-json\/wp\/v2\/media\/3898"}],"wp:attachment":[{"href":"https:\/\/www.ischile.cl\/index.php\/wp-json\/wp\/v2\/media?parent=3768"}],"wp:term":[{"taxonomy":"member_cat","embeddable":true,"href":"https:\/\/www.ischile.cl\/index.php\/wp-json\/wp\/v2\/member_cat?post=3768"}],"curies":[{"name":"wp","href":"https:\/\/api.w.org\/{rel}","templated":true}]}}

<div class="wpb-content-wrapper"><p>[vc_row][vc_column][vc_column_text css=&#8221;&#8221;]Terapeuta Ocupacional de la Universidad Andrés Bello. Obtiene la certificación chilena como especialista en Integración Sensorial otorgada por IS Chile el año 2022 (Reg.N°111) y la certificación americana el año 2021 (USC, Reg. N°2802).</p>
<p>Cuenta con 7 años de experiencia en población infantil con diagnóstico de Trastorno del Espectro Autista y trabaja actualmente en Centro Neuropeques.[/vc_column_text][vc_column_text]CORREO DE CONTACTO:  <strong>solange.n.pino@gmail.com</strong></p>
<p>REGISTRO NACIONAL DE PRESTADORES DE SALUD: 400307[/vc_column_text][/vc_column][/vc_row]</p>
</div>
