{"id":3924,"date":"2023-12-20T18:00:57","date_gmt":"2023-12-20T21:00:57","guid":{"rendered":"https:\/\/www.ischile.cl\/ischile2\/index.php\/member\/catalina-victoria-aranda-leyton-copy\/"},"modified":"2025-04-21T12:45:02","modified_gmt":"2025-04-21T15:45:02","slug":"debiee-cavieres-espinoza","status":"publish","type":"member","link":"https:\/\/www.ischile.cl\/index.php\/member\/debiee-cavieres-espinoza\/","title":{"rendered":"Debiee Cavieres Espinoza"},"content":{"rendered":"<div class=\"wpb-content-wrapper\"><p>[vc_row][vc_column][vc_column_text]CIUDAD\/COMUNA: Vi\u00f1a del Mar<\/p>\n<p>Terapeuta Ocupacional de la Universidad de Playa Ancha. Obtiene la certificaci\u00f3n chilena como especialista en Integraci\u00f3n Sensorial otorgada por ISChile el a\u00f1o 2020 (Reg.N\u00b081). Realiza curso de Excelencia en Evaluaci\u00f3n y Tratamiento de IS (TherapyWest, 2019).<\/p>\n<p>Asume rol de coordinadora t\u00e9cnica de ASPAUT (2005-2010) y de Programa de Integraci\u00f3n Escolar en Valpara\u00edso (2006-2012). Cuenta con experiencia cl\u00ednica desde el a\u00f1o 2005 en poblaci\u00f3n infantojuvenil en el espectro autista, con otros trastornos del desarrollo, motrices y de la conducta, entregando atenci\u00f3n especializada desde el enfoque de Integraci\u00f3n sensorial.<\/p>\n<p>Se desempe\u00f1a actualmente como terapeuta ocupacional directoria y coordinadora cl\u00ednica en Centro ISspace.[\/vc_column_text][vc_column_text]CORREO DE CONTACTO: <strong>isspacespa@gmail.com<\/strong><\/p>\n<p>REGISTRO NACIONAL DE PRESTADORES DE SALUD: 88361[\/vc_column_text][\/vc_column][\/vc_row]<\/p>\n<\/div>","protected":false},"featured_media":3926,"menu_order":0,"comment_status":"closed","ping_status":"closed","template":"","member_cat":[],"class_list":["post-3924","member","type-member","status-publish","has-post-thumbnail","hentry"],"acf":[],"_links":{"self":[{"href":"https:\/\/www.ischile.cl\/index.php\/wp-json\/wp\/v2\/member\/3924","targetHints":{"allow":["GET"]}}],"collection":[{"href":"https:\/\/www.ischile.cl\/index.php\/wp-json\/wp\/v2\/member"}],"about":[{"href":"https:\/\/www.ischile.cl\/index.php\/wp-json\/wp\/v2\/types\/member"}],"replies":[{"embeddable":true,"href":"https:\/\/www.ischile.cl\/index.php\/wp-json\/wp\/v2\/comments?post=3924"}],"wp:featuredmedia":[{"embeddable":true,"href":"https:\/\/www.ischile.cl\/index.php\/wp-json\/wp\/v2\/media\/3926"}],"wp:attachment":[{"href":"https:\/\/www.ischile.cl\/index.php\/wp-json\/wp\/v2\/media?parent=3924"}],"wp:term":[{"taxonomy":"member_cat","embeddable":true,"href":"https:\/\/www.ischile.cl\/index.php\/wp-json\/wp\/v2\/member_cat?post=3924"}],"curies":[{"name":"wp","href":"https:\/\/api.w.org\/{rel}","templated":true}]}}

<div class="wpb-content-wrapper"><p>[vc_row][vc_column][vc_column_text]CIUDAD/COMUNA: Viña del Mar</p>
<p>Terapeuta Ocupacional de la Universidad de Playa Ancha. Obtiene la certificación chilena como especialista en Integración Sensorial otorgada por ISChile el año 2020 (Reg.N°81). Realiza curso de Excelencia en Evaluación y Tratamiento de IS (TherapyWest, 2019).</p>
<p>Asume rol de coordinadora técnica de ASPAUT (2005-2010) y de Programa de Integración Escolar en Valparaíso (2006-2012). Cuenta con experiencia clínica desde el año 2005 en población infantojuvenil en el espectro autista, con otros trastornos del desarrollo, motrices y de la conducta, entregando atención especializada desde el enfoque de Integración sensorial.</p>
<p>Se desempeña actualmente como terapeuta ocupacional directoria y coordinadora clínica en Centro ISspace.[/vc_column_text][vc_column_text]CORREO DE CONTACTO: <strong>isspacespa@gmail.com</strong></p>
<p>REGISTRO NACIONAL DE PRESTADORES DE SALUD: 88361[/vc_column_text][/vc_column][/vc_row]</p>
</div>
