{"id":3930,"date":"2023-12-20T18:12:47","date_gmt":"2023-12-20T21:12:47","guid":{"rendered":"https:\/\/www.ischile.cl\/ischile2\/index.php\/member\/evelyn-marcela-ruiz-miranda-copy\/"},"modified":"2025-04-25T13:40:45","modified_gmt":"2025-04-25T16:40:45","slug":"alejandra-yasmin-zamora-caballero","status":"publish","type":"member","link":"https:\/\/www.ischile.cl\/index.php\/member\/alejandra-yasmin-zamora-caballero\/","title":{"rendered":"Alejandra Yasmin Zamora Caballero"},"content":{"rendered":"<div class=\"wpb-content-wrapper\"><p>[vc_row][vc_column][vc_column_text css=&#8221;&#8221;]Terapeuta Ocupacional de la Universidad de Playa Ancha. Obtiene la certificaci\u00f3n chilena como especialista en Integraci\u00f3n Sensorial otorgada por ISChile el a\u00f1o 2014 (Reg.N\u00b032) y se recertifica el a\u00f1o 2020 por mantener formaci\u00f3n continua y actualizaci\u00f3n en tem\u00e1ticas de Integraci\u00f3n Sensorial. Participa en el curso de \u201cEXCELENCIA EN EVALUACI\u00d3N Y TRATAMIENTO DE IS\u201d (TherapyWest, EEUU) 2023.<\/p>\n<p>Diplomada en psicopatolog\u00eda infanto-juvenil. Universidad de Chile, a\u00f1o 2021. Cuenta con experiencia cl\u00ednica en poblaci\u00f3n infantojuvenil con necesidades especiales de atenci\u00f3n en salud y educaci\u00f3n desde el a\u00f1o 2011. Se desempe\u00f1a actualmente en Centro ComplemenTO y Centro Huella-Chicureo.[\/vc_column_text][vc_column_text]CORREO DE CONTACTO:\u00a0<strong>alezamora.to.is@gmail.com<\/strong><\/p>\n<p>REGISTRO NACIONAL DE PRESTADORES DE SALUD: 108586[\/vc_column_text][\/vc_column][\/vc_row]<\/p>\n<\/div>","protected":false},"featured_media":3932,"menu_order":0,"comment_status":"closed","ping_status":"closed","template":"","member_cat":[],"class_list":["post-3930","member","type-member","status-publish","has-post-thumbnail","hentry"],"acf":[],"_links":{"self":[{"href":"https:\/\/www.ischile.cl\/index.php\/wp-json\/wp\/v2\/member\/3930","targetHints":{"allow":["GET"]}}],"collection":[{"href":"https:\/\/www.ischile.cl\/index.php\/wp-json\/wp\/v2\/member"}],"about":[{"href":"https:\/\/www.ischile.cl\/index.php\/wp-json\/wp\/v2\/types\/member"}],"replies":[{"embeddable":true,"href":"https:\/\/www.ischile.cl\/index.php\/wp-json\/wp\/v2\/comments?post=3930"}],"wp:featuredmedia":[{"embeddable":true,"href":"https:\/\/www.ischile.cl\/index.php\/wp-json\/wp\/v2\/media\/3932"}],"wp:attachment":[{"href":"https:\/\/www.ischile.cl\/index.php\/wp-json\/wp\/v2\/media?parent=3930"}],"wp:term":[{"taxonomy":"member_cat","embeddable":true,"href":"https:\/\/www.ischile.cl\/index.php\/wp-json\/wp\/v2\/member_cat?post=3930"}],"curies":[{"name":"wp","href":"https:\/\/api.w.org\/{rel}","templated":true}]}}

<div class="wpb-content-wrapper"><p>[vc_row][vc_column][vc_column_text css=&#8221;&#8221;]Terapeuta Ocupacional de la Universidad de Playa Ancha. Obtiene la certificación chilena como especialista en Integración Sensorial otorgada por ISChile el año 2014 (Reg.N°32) y se recertifica el año 2020 por mantener formación continua y actualización en temáticas de Integración Sensorial. Participa en el curso de “EXCELENCIA EN EVALUACIÓN Y TRATAMIENTO DE IS” (TherapyWest, EEUU) 2023.</p>
<p>Diplomada en psicopatología infanto-juvenil. Universidad de Chile, año 2021. Cuenta con experiencia clínica en población infantojuvenil con necesidades especiales de atención en salud y educación desde el año 2011. Se desempeña actualmente en Centro ComplemenTO y Centro Huella-Chicureo.[/vc_column_text][vc_column_text]CORREO DE CONTACTO: <strong>alezamora.to.is@gmail.com</strong></p>
<p>REGISTRO NACIONAL DE PRESTADORES DE SALUD: 108586[/vc_column_text][/vc_column][/vc_row]</p>
</div>
