{"id":3955,"date":"2023-12-21T10:52:40","date_gmt":"2023-12-21T13:52:40","guid":{"rendered":"https:\/\/www.ischile.cl\/ischile2\/index.php\/member\/maria-belen-jimenez-bocchi-copy\/"},"modified":"2025-04-21T18:17:22","modified_gmt":"2025-04-21T21:17:22","slug":"camila-erna-marisol-gonzalez-caroca-sanbernardo","status":"publish","type":"member","link":"https:\/\/www.ischile.cl\/index.php\/member\/camila-erna-marisol-gonzalez-caroca-sanbernardo\/","title":{"rendered":"Camila Erna Marisol Gonz\u00e1lez Caroca"},"content":{"rendered":"<div class=\"wpb-content-wrapper\"><p>[vc_row][vc_column][vc_column_text]Terapeuta Ocupacional de la Universidad Andr\u00e9s Bello. Obtiene la certificaci\u00f3n chilena como especialista en Integraci\u00f3n Sensorial otorgada por ISChile (Reg.N\u00b0106) el a\u00f1o 2022 y la certificaci\u00f3n americana (USC, Reg. N\u00b02793) el a\u00f1o 2021.<\/p>\n<p>Cuenta con experiencia cl\u00ednica desde el a\u00f1o 2011 con poblaci\u00f3n infanto juvenil en el Servicio P\u00fablico y desde el a\u00f1o 2020 en acompa\u00f1amiento de personas neurodivergentes durante todo el ciclo vital. Se desempe\u00f1a actualmente en Hospital El Pino y en Centro Zona Divergente.[\/vc_column_text][vc_column_text]CORREO DE CONTACTO:<strong> camila.gonzalez.caroca@gmail.com<br \/>\n<\/strong><\/p>\n<p>REGISTRO NACIONAL DE PRESTADORES DE SALUD: 359640[\/vc_column_text][\/vc_column][\/vc_row]<\/p>\n<\/div>","protected":false},"featured_media":3957,"menu_order":0,"comment_status":"closed","ping_status":"closed","template":"","member_cat":[],"class_list":["post-3955","member","type-member","status-publish","has-post-thumbnail","hentry"],"acf":[],"_links":{"self":[{"href":"https:\/\/www.ischile.cl\/index.php\/wp-json\/wp\/v2\/member\/3955","targetHints":{"allow":["GET"]}}],"collection":[{"href":"https:\/\/www.ischile.cl\/index.php\/wp-json\/wp\/v2\/member"}],"about":[{"href":"https:\/\/www.ischile.cl\/index.php\/wp-json\/wp\/v2\/types\/member"}],"replies":[{"embeddable":true,"href":"https:\/\/www.ischile.cl\/index.php\/wp-json\/wp\/v2\/comments?post=3955"}],"wp:featuredmedia":[{"embeddable":true,"href":"https:\/\/www.ischile.cl\/index.php\/wp-json\/wp\/v2\/media\/3957"}],"wp:attachment":[{"href":"https:\/\/www.ischile.cl\/index.php\/wp-json\/wp\/v2\/media?parent=3955"}],"wp:term":[{"taxonomy":"member_cat","embeddable":true,"href":"https:\/\/www.ischile.cl\/index.php\/wp-json\/wp\/v2\/member_cat?post=3955"}],"curies":[{"name":"wp","href":"https:\/\/api.w.org\/{rel}","templated":true}]}}

Camila Erna Marisol González Caroca

<div class="wpb-content-wrapper"><p>[vc_row][vc_column][vc_column_text]Terapeuta Ocupacional de la Universidad Andrés Bello. Obtiene la certificación chilena como especialista en Integración Sensorial otorgada por ISChile (Reg.N°106) el año 2022 y la certificación americana (USC, Reg. N°2793) el año 2021.</p>
<p>Cuenta con experiencia clínica desde el año 2011 con población infanto juvenil en el Servicio Público y desde el año 2020 en acompañamiento de personas neurodivergentes durante todo el ciclo vital. Se desempeña actualmente en Hospital El Pino y en Centro Zona Divergente.[/vc_column_text][vc_column_text]CORREO DE CONTACTO:<strong> camila.gonzalez.caroca@gmail.com<br />
</strong></p>
<p>REGISTRO NACIONAL DE PRESTADORES DE SALUD: 359640[/vc_column_text][/vc_column][/vc_row]</p>
</div>
