{"id":3992,"date":"2023-12-21T18:15:00","date_gmt":"2023-12-21T21:15:00","guid":{"rendered":"https:\/\/www.ischile.cl\/ischile2\/index.php\/member\/pamela-andrea-tapia-munoz-copy\/"},"modified":"2025-04-21T13:03:21","modified_gmt":"2025-04-21T16:03:21","slug":"vanesa-constanza-bron-skewes","status":"publish","type":"member","link":"https:\/\/www.ischile.cl\/index.php\/member\/vanesa-constanza-bron-skewes\/","title":{"rendered":"Vanesa Constanza Bron Skewes"},"content":{"rendered":"<div class=\"wpb-content-wrapper\"><p>[vc_row][vc_column][vc_column_text]Terapeuta Ocupacional de la Universidad de Playa Ancha. Obtiene la certificaci\u00f3n chilena como especialista en Integraci\u00f3n Sensorial otorgada por ISChile (Reg.N\u00b0100) el a\u00f1o 2021.<\/p>\n<p>Diplomada en Neuropsicolog\u00eda Infantil (PUC, 2013), Atenci\u00f3n Temprana (2016) y Modelo AMAR (2021). Candidata a Mag\u00edster en neuropsicolog\u00eda infantil (U. San Mart\u00edn, BsAs.) Cuenta con experiencia cl\u00ednica desde el a\u00f1o 2009 con poblaci\u00f3n infantil y se desempe\u00f1a actualmente en consulta privada Equilibrio.[\/vc_column_text][vc_column_text]CORREO DE CONTACTO:<strong> vanesa.bron@gmail.com<br \/>\n<\/strong><\/p>\n<p>REGISTRO NACIONAL DE PRESTADORES DE SALUD: 88515[\/vc_column_text][\/vc_column][\/vc_row]<\/p>\n<\/div>","protected":false},"featured_media":3994,"menu_order":0,"comment_status":"closed","ping_status":"closed","template":"","member_cat":[],"class_list":["post-3992","member","type-member","status-publish","has-post-thumbnail","hentry"],"acf":[],"_links":{"self":[{"href":"https:\/\/www.ischile.cl\/index.php\/wp-json\/wp\/v2\/member\/3992","targetHints":{"allow":["GET"]}}],"collection":[{"href":"https:\/\/www.ischile.cl\/index.php\/wp-json\/wp\/v2\/member"}],"about":[{"href":"https:\/\/www.ischile.cl\/index.php\/wp-json\/wp\/v2\/types\/member"}],"replies":[{"embeddable":true,"href":"https:\/\/www.ischile.cl\/index.php\/wp-json\/wp\/v2\/comments?post=3992"}],"wp:featuredmedia":[{"embeddable":true,"href":"https:\/\/www.ischile.cl\/index.php\/wp-json\/wp\/v2\/media\/3994"}],"wp:attachment":[{"href":"https:\/\/www.ischile.cl\/index.php\/wp-json\/wp\/v2\/media?parent=3992"}],"wp:term":[{"taxonomy":"member_cat","embeddable":true,"href":"https:\/\/www.ischile.cl\/index.php\/wp-json\/wp\/v2\/member_cat?post=3992"}],"curies":[{"name":"wp","href":"https:\/\/api.w.org\/{rel}","templated":true}]}}

<div class="wpb-content-wrapper"><p>[vc_row][vc_column][vc_column_text]Terapeuta Ocupacional de la Universidad de Playa Ancha. Obtiene la certificación chilena como especialista en Integración Sensorial otorgada por ISChile (Reg.N°100) el año 2021.</p>
<p>Diplomada en Neuropsicología Infantil (PUC, 2013), Atención Temprana (2016) y Modelo AMAR (2021). Candidata a Magíster en neuropsicología infantil (U. San Martín, BsAs.) Cuenta con experiencia clínica desde el año 2009 con población infantil y se desempeña actualmente en consulta privada Equilibrio.[/vc_column_text][vc_column_text]CORREO DE CONTACTO:<strong> vanesa.bron@gmail.com<br />
</strong></p>
<p>REGISTRO NACIONAL DE PRESTADORES DE SALUD: 88515[/vc_column_text][/vc_column][/vc_row]</p>
</div>
