{"id":4265,"date":"2024-04-09T16:29:31","date_gmt":"2024-04-09T19:29:31","guid":{"rendered":"https:\/\/www.ischile.cl\/ischile2\/index.php\/member\/maria-josefina-emhart-garcia-copy\/"},"modified":"2025-04-25T13:19:27","modified_gmt":"2025-04-25T16:19:27","slug":"maria-paz-salinas-reyes","status":"publish","type":"member","link":"https:\/\/www.ischile.cl\/index.php\/member\/maria-paz-salinas-reyes\/","title":{"rendered":"Mar\u00eda Paz Salinas Reyes"},"content":{"rendered":"<div class=\"wpb-content-wrapper\"><p>[vc_row][vc_column][vc_column_text]CIUDAD\/COMUNA: Nu\u00f1oa<\/p>\n<p>Terapeuta Ocupacional de la Universidad Andr\u00e9s Bello 2021.\u00a0 Cuenta con trece a\u00f1os de experiencia en el \u00e1rea pedi\u00e1trica, integrando equipos multidisciplinarios en cl\u00ednicas y hospitales de la regi\u00f3n de Santiago, ha enfocado su experiencia en atenci\u00f3n temprana y desaf\u00edos de alimentaci\u00f3n, teniendo formaci\u00f3n en diferentes modelos y enfoques de intervenci\u00f3n en el \u00e1rea tales como: SOS, Gett Permision, SOFFI entre otros. Certificada como Especialista en Integraci\u00f3n Sensorial otorgada por ISChile y University of Southern California. Participa en el curso de \u201cEXCELENCIA EN EVALUACI\u00d3N Y TRATAMIENTO DE IS\u201d (TherapyWest, EEUU) 2023. Actualmente fundadora y coordinadora cl\u00ednica de centro TOIT desarrollo y alimentaci\u00f3n, enfocado en el apoyo integral de bebes, ni\u00f1os y adolescentes.<\/p>\n<p>[\/vc_column_text][vc_column_text]CORREO DE CONTACTO:<strong> mp.salinas@toit.cl<br \/>\n<\/strong><\/p>\n<p>REGISTRO NACIONAL DE PRESTADORES DE SALUD: 356145[\/vc_column_text][\/vc_column][\/vc_row]<\/p>\n<\/div>","protected":false},"featured_media":4267,"menu_order":0,"comment_status":"closed","ping_status":"closed","template":"","member_cat":[],"class_list":["post-4265","member","type-member","status-publish","has-post-thumbnail","hentry"],"acf":[],"_links":{"self":[{"href":"https:\/\/www.ischile.cl\/index.php\/wp-json\/wp\/v2\/member\/4265","targetHints":{"allow":["GET"]}}],"collection":[{"href":"https:\/\/www.ischile.cl\/index.php\/wp-json\/wp\/v2\/member"}],"about":[{"href":"https:\/\/www.ischile.cl\/index.php\/wp-json\/wp\/v2\/types\/member"}],"replies":[{"embeddable":true,"href":"https:\/\/www.ischile.cl\/index.php\/wp-json\/wp\/v2\/comments?post=4265"}],"wp:featuredmedia":[{"embeddable":true,"href":"https:\/\/www.ischile.cl\/index.php\/wp-json\/wp\/v2\/media\/4267"}],"wp:attachment":[{"href":"https:\/\/www.ischile.cl\/index.php\/wp-json\/wp\/v2\/media?parent=4265"}],"wp:term":[{"taxonomy":"member_cat","embeddable":true,"href":"https:\/\/www.ischile.cl\/index.php\/wp-json\/wp\/v2\/member_cat?post=4265"}],"curies":[{"name":"wp","href":"https:\/\/api.w.org\/{rel}","templated":true}]}}

María Paz Salinas Reyes

<div class="wpb-content-wrapper"><p>[vc_row][vc_column][vc_column_text]CIUDAD/COMUNA: Nuñoa</p>
<p>Terapeuta Ocupacional de la Universidad Andrés Bello 2021.  Cuenta con trece años de experiencia en el área pediátrica, integrando equipos multidisciplinarios en clínicas y hospitales de la región de Santiago, ha enfocado su experiencia en atención temprana y desafíos de alimentación, teniendo formación en diferentes modelos y enfoques de intervención en el área tales como: SOS, Gett Permision, SOFFI entre otros. Certificada como Especialista en Integración Sensorial otorgada por ISChile y University of Southern California. Participa en el curso de “EXCELENCIA EN EVALUACIÓN Y TRATAMIENTO DE IS” (TherapyWest, EEUU) 2023. Actualmente fundadora y coordinadora clínica de centro TOIT desarrollo y alimentación, enfocado en el apoyo integral de bebes, niños y adolescentes.</p>
<p>[/vc_column_text][vc_column_text]CORREO DE CONTACTO:<strong> mp.salinas@toit.cl<br />
</strong></p>
<p>REGISTRO NACIONAL DE PRESTADORES DE SALUD: 356145[/vc_column_text][/vc_column][/vc_row]</p>
</div>
