{"id":4390,"date":"2024-10-29T18:33:47","date_gmt":"2024-10-29T21:33:47","guid":{"rendered":"https:\/\/www.ischile.cl\/index.php\/member\/maria-de-los-angeles-alvarez-espinoza-copy\/"},"modified":"2025-04-21T12:24:58","modified_gmt":"2025-04-21T15:24:58","slug":"marcos-chiang-arias","status":"publish","type":"member","link":"https:\/\/www.ischile.cl\/index.php\/member\/marcos-chiang-arias\/","title":{"rendered":"Marcos Chiang Arias"},"content":{"rendered":"<div class=\"wpb-content-wrapper\"><p>[vc_row][vc_column][vc_column_text css=&#8221;&#8221;]Terapeuta Ocupacional de la Universidad de Chile. Obtiene la certificaci\u00f3n chilena como especialista en Integraci\u00f3n Sensorial otorgada por IS Chile el a\u00f1o\u00a0 2018 (Reg.N\u00b046) y su recertificaci\u00f3n el a\u00f1o 2024 por mantener formaci\u00f3n continua y actualizaci\u00f3n en tem\u00e1ticas de Integraci\u00f3n Sensorial. Obtiene la certificaci\u00f3n americana el a\u00f1o 2019 (USC, Reg. N\u00b01210).<\/p>\n<p>Participa del directorio de IS Chile (per\u00edodos 2004-2005, 2017-2018 y 2019-2020).<\/p>\n<p>M\u00e1ster en Integraci\u00f3n de Personas con Discapacidad, Universidad de Salamanca, 2014. Diplomado en Docencia Efectiva, Universidad Mayor, 2012. Diplomado en Coaching y Liderazgo Organizacional, 2016. Cuenta con experiencia como Terapeuta Ocupacional y Jefe de la Unidad de T.O, Telet\u00f3n Santiago, entre los a\u00f1os 1996 y 2011. Docente en las Escuelas de Terapia Ocupacional, Universidad Mayor, Chile, Aut\u00f3noma, Santo Tom\u00e1s y del Desarrollo; entre los a\u00f1os 2006 a 2023. Director y socio fundador del Centro de Rehabilitaci\u00f3n ALTHEA, Crecimiento y Desarrollo Integral. Sus \u00e1reas de desempe\u00f1o se han centrado en la pr\u00e1ctica de atenci\u00f3n en ni\u00f1os con problemas neuromotores y del desarrollo. Ha dictado cursos introductorios y avanzados del Enfoque Bobath; AVD y \u00d3rtesis; Juego y terapia; Integraci\u00f3n Sensorial, Procesamiento Sensorial en Argentina, Per\u00fa, M\u00e9xico, Brasil y Chile.<\/p>\n<p>Actualmente se desempe\u00f1a como Coordinador T\u00e9cnico, Cl\u00ednica Neuroeducando, R\u00edo Grande do Sul, Brasil.[\/vc_column_text][vc_column_text css=&#8221;&#8221;]CORREO DE CONTACTO:\u00a0\u00a0<strong>chiangto@gmail.com<\/strong><\/p>\n<p>REGISTRO NACIONAL DE PRESTADORES DE SALUD: 46221[\/vc_column_text][\/vc_column][\/vc_row]<\/p>\n<\/div>","protected":false},"featured_media":4392,"menu_order":0,"comment_status":"closed","ping_status":"closed","template":"","member_cat":[],"class_list":["post-4390","member","type-member","status-publish","has-post-thumbnail","hentry"],"acf":[],"_links":{"self":[{"href":"https:\/\/www.ischile.cl\/index.php\/wp-json\/wp\/v2\/member\/4390","targetHints":{"allow":["GET"]}}],"collection":[{"href":"https:\/\/www.ischile.cl\/index.php\/wp-json\/wp\/v2\/member"}],"about":[{"href":"https:\/\/www.ischile.cl\/index.php\/wp-json\/wp\/v2\/types\/member"}],"replies":[{"embeddable":true,"href":"https:\/\/www.ischile.cl\/index.php\/wp-json\/wp\/v2\/comments?post=4390"}],"wp:featuredmedia":[{"embeddable":true,"href":"https:\/\/www.ischile.cl\/index.php\/wp-json\/wp\/v2\/media\/4392"}],"wp:attachment":[{"href":"https:\/\/www.ischile.cl\/index.php\/wp-json\/wp\/v2\/media?parent=4390"}],"wp:term":[{"taxonomy":"member_cat","embeddable":true,"href":"https:\/\/www.ischile.cl\/index.php\/wp-json\/wp\/v2\/member_cat?post=4390"}],"curies":[{"name":"wp","href":"https:\/\/api.w.org\/{rel}","templated":true}]}}

<div class="wpb-content-wrapper"><p>[vc_row][vc_column][vc_column_text css=&#8221;&#8221;]Terapeuta Ocupacional de la Universidad de Chile. Obtiene la certificación chilena como especialista en Integración Sensorial otorgada por IS Chile el año  2018 (Reg.N°46) y su recertificación el año 2024 por mantener formación continua y actualización en temáticas de Integración Sensorial. Obtiene la certificación americana el año 2019 (USC, Reg. N°1210).</p>
<p>Participa del directorio de IS Chile (períodos 2004-2005, 2017-2018 y 2019-2020).</p>
<p>Máster en Integración de Personas con Discapacidad, Universidad de Salamanca, 2014. Diplomado en Docencia Efectiva, Universidad Mayor, 2012. Diplomado en Coaching y Liderazgo Organizacional, 2016. Cuenta con experiencia como Terapeuta Ocupacional y Jefe de la Unidad de T.O, Teletón Santiago, entre los años 1996 y 2011. Docente en las Escuelas de Terapia Ocupacional, Universidad Mayor, Chile, Autónoma, Santo Tomás y del Desarrollo; entre los años 2006 a 2023. Director y socio fundador del Centro de Rehabilitación ALTHEA, Crecimiento y Desarrollo Integral. Sus áreas de desempeño se han centrado en la práctica de atención en niños con problemas neuromotores y del desarrollo. Ha dictado cursos introductorios y avanzados del Enfoque Bobath; AVD y Órtesis; Juego y terapia; Integración Sensorial, Procesamiento Sensorial en Argentina, Perú, México, Brasil y Chile.</p>
<p>Actualmente se desempeña como Coordinador Técnico, Clínica Neuroeducando, Río Grande do Sul, Brasil.[/vc_column_text][vc_column_text css=&#8221;&#8221;]CORREO DE CONTACTO:  <strong>chiangto@gmail.com</strong></p>
<p>REGISTRO NACIONAL DE PRESTADORES DE SALUD: 46221[/vc_column_text][/vc_column][/vc_row]</p>
</div>
