{"id":4882,"date":"2025-04-21T18:14:15","date_gmt":"2025-04-21T21:14:15","guid":{"rendered":"https:\/\/www.ischile.cl\/?post_type=member&#038;p=4882"},"modified":"2025-04-25T13:18:43","modified_gmt":"2025-04-25T16:18:43","slug":"carolina-magdalena-ramirez-mera-nunoa","status":"publish","type":"member","link":"https:\/\/www.ischile.cl\/index.php\/member\/carolina-magdalena-ramirez-mera-nunoa\/","title":{"rendered":"Carolina Magdalena Ram\u00edrez Mera"},"content":{"rendered":"<div class=\"wpb-content-wrapper\"><p>[vc_row][vc_column][vc_column_text]Terapeuta Ocupacional de la Universidad de Chile. Obtiene la certificaci\u00f3n chilena como especialista en Integraci\u00f3n Sensorial otorgada por ISChile el a\u00f1o 2020 (Reg.N\u00b089) y la certificaci\u00f3n americana el a\u00f1o 2021 (USC, Reg. N\u00b01197). Realiza curso de Excelencia en Evaluaci\u00f3n y Tratamiento de Integraci\u00f3n Sensorial (TherapyWest, 2017).<\/p>\n<p>Participa en comisi\u00f3n de Docencia de ISChile (2014), en comisi\u00f3n de socios que elabora el documento \u201cImplementaci\u00f3n de Espacios Terap\u00e9uticos con el Enfoque de Integraci\u00f3n Sensorial\u201d (2021-2022) y actualmente colabora en la comisi\u00f3n log\u00edstica del pr\u00f3ximo Congreso Latinoamericano de Integraci\u00f3n Sensorial &#8211; Chile 2023.<\/p>\n<p>Cuenta con experiencia cl\u00ednica desde el a\u00f1o 2007 en poblaci\u00f3n infantojuvenil con condiciones\/trastornos del neurodesarrollo; trastornos neuromotores y trastornos psiqui\u00e1tricos, tanto\u00a0 desde el \u00e1rea cl\u00ednica y educacional. Se desempe\u00f1a actualmente en CEDET Maip\u00fa.[\/vc_column_text][vc_column_text]CORREO DE CONTACTO:<strong> carolina.magdalena@gmail.com<br \/>\n<\/strong><\/p>\n<p>REGISTRO NACIONAL DE PRESTADORES DE SALUD: 39576[\/vc_column_text][\/vc_column][\/vc_row]<\/p>\n<\/div>","protected":false},"featured_media":3948,"menu_order":0,"comment_status":"closed","ping_status":"closed","template":"","member_cat":[],"class_list":["post-4882","member","type-member","status-publish","has-post-thumbnail","hentry"],"acf":[],"_links":{"self":[{"href":"https:\/\/www.ischile.cl\/index.php\/wp-json\/wp\/v2\/member\/4882","targetHints":{"allow":["GET"]}}],"collection":[{"href":"https:\/\/www.ischile.cl\/index.php\/wp-json\/wp\/v2\/member"}],"about":[{"href":"https:\/\/www.ischile.cl\/index.php\/wp-json\/wp\/v2\/types\/member"}],"replies":[{"embeddable":true,"href":"https:\/\/www.ischile.cl\/index.php\/wp-json\/wp\/v2\/comments?post=4882"}],"wp:featuredmedia":[{"embeddable":true,"href":"https:\/\/www.ischile.cl\/index.php\/wp-json\/wp\/v2\/media\/3948"}],"wp:attachment":[{"href":"https:\/\/www.ischile.cl\/index.php\/wp-json\/wp\/v2\/media?parent=4882"}],"wp:term":[{"taxonomy":"member_cat","embeddable":true,"href":"https:\/\/www.ischile.cl\/index.php\/wp-json\/wp\/v2\/member_cat?post=4882"}],"curies":[{"name":"wp","href":"https:\/\/api.w.org\/{rel}","templated":true}]}}

Carolina Magdalena Ramírez Mera

<div class="wpb-content-wrapper"><p>[vc_row][vc_column][vc_column_text]Terapeuta Ocupacional de la Universidad de Chile. Obtiene la certificación chilena como especialista en Integración Sensorial otorgada por ISChile el año 2020 (Reg.N°89) y la certificación americana el año 2021 (USC, Reg. N°1197). Realiza curso de Excelencia en Evaluación y Tratamiento de Integración Sensorial (TherapyWest, 2017).</p>
<p>Participa en comisión de Docencia de ISChile (2014), en comisión de socios que elabora el documento “Implementación de Espacios Terapéuticos con el Enfoque de Integración Sensorial” (2021-2022) y actualmente colabora en la comisión logística del próximo Congreso Latinoamericano de Integración Sensorial &#8211; Chile 2023.</p>
<p>Cuenta con experiencia clínica desde el año 2007 en población infantojuvenil con condiciones/trastornos del neurodesarrollo; trastornos neuromotores y trastornos psiquiátricos, tanto  desde el área clínica y educacional. Se desempeña actualmente en CEDET Maipú.[/vc_column_text][vc_column_text]CORREO DE CONTACTO:<strong> carolina.magdalena@gmail.com<br />
</strong></p>
<p>REGISTRO NACIONAL DE PRESTADORES DE SALUD: 39576[/vc_column_text][/vc_column][/vc_row]</p>
</div>
