{"id":4905,"date":"2025-04-25T12:44:09","date_gmt":"2025-04-25T15:44:09","guid":{"rendered":"https:\/\/www.ischile.cl\/?post_type=member&#038;p=4905"},"modified":"2025-04-25T13:20:03","modified_gmt":"2025-04-25T16:20:03","slug":"sandy-viviana-catalan-cornejo-nunoa","status":"publish","type":"member","link":"https:\/\/www.ischile.cl\/index.php\/member\/sandy-viviana-catalan-cornejo-nunoa\/","title":{"rendered":"Sandy Viviana Catal\u00e1n Cornejo"},"content":{"rendered":"<div class=\"wpb-content-wrapper\"><p>[vc_row][vc_column][vc_column_text]Terapeuta Ocupacional de la Universidad de Chile. Obtiene la certificaci\u00f3n chilena como especialista en Integraci\u00f3n Sensorial otorgada por ISChile (Reg.N\u00b0121) el a\u00f1o 2022 y la certificaci\u00f3n americana (USC, Reg. N\u00b02783) el a\u00f1o 2021.<\/p>\n<p>Acreditada en formaci\u00f3n cl\u00ednica del Autism Diagnostic Observational Schedule (ADOS-2, 2017). Cuenta con experiencia cl\u00ednica desde el a\u00f1o 2014 con poblaci\u00f3n infanto juvenil en Programa de Integraci\u00f3n Escolar, unidad ambulatoria de salud mental Infanto-Adolescente en servicio p\u00fablico y en tambi\u00e9n en centros y consulta privada. Se desempe\u00f1a actualmente en Centro de Estimulaci\u00f3n y Desarrollo Infantil \u201cTim\u00f3n\u201d y en consulta particular.[\/vc_column_text][vc_column_text]CORREO DE CONTACTO:<strong> to.sandycatalan@gmail.com \/ sandy.catalan@centrotimon.cl<br \/>\n<\/strong><\/p>\n<p>REGISTRO NACIONAL DE PRESTADORES DE SALUD: 285814[\/vc_column_text][\/vc_column][\/vc_row]<\/p>\n<\/div>","protected":false},"featured_media":3976,"menu_order":0,"comment_status":"closed","ping_status":"closed","template":"","member_cat":[],"class_list":["post-4905","member","type-member","status-publish","has-post-thumbnail","hentry"],"acf":[],"_links":{"self":[{"href":"https:\/\/www.ischile.cl\/index.php\/wp-json\/wp\/v2\/member\/4905","targetHints":{"allow":["GET"]}}],"collection":[{"href":"https:\/\/www.ischile.cl\/index.php\/wp-json\/wp\/v2\/member"}],"about":[{"href":"https:\/\/www.ischile.cl\/index.php\/wp-json\/wp\/v2\/types\/member"}],"replies":[{"embeddable":true,"href":"https:\/\/www.ischile.cl\/index.php\/wp-json\/wp\/v2\/comments?post=4905"}],"wp:featuredmedia":[{"embeddable":true,"href":"https:\/\/www.ischile.cl\/index.php\/wp-json\/wp\/v2\/media\/3976"}],"wp:attachment":[{"href":"https:\/\/www.ischile.cl\/index.php\/wp-json\/wp\/v2\/media?parent=4905"}],"wp:term":[{"taxonomy":"member_cat","embeddable":true,"href":"https:\/\/www.ischile.cl\/index.php\/wp-json\/wp\/v2\/member_cat?post=4905"}],"curies":[{"name":"wp","href":"https:\/\/api.w.org\/{rel}","templated":true}]}}

Sandy Viviana Catalán Cornejo

<div class="wpb-content-wrapper"><p>[vc_row][vc_column][vc_column_text]Terapeuta Ocupacional de la Universidad de Chile. Obtiene la certificación chilena como especialista en Integración Sensorial otorgada por ISChile (Reg.N°121) el año 2022 y la certificación americana (USC, Reg. N°2783) el año 2021.</p>
<p>Acreditada en formación clínica del Autism Diagnostic Observational Schedule (ADOS-2, 2017). Cuenta con experiencia clínica desde el año 2014 con población infanto juvenil en Programa de Integración Escolar, unidad ambulatoria de salud mental Infanto-Adolescente en servicio público y en también en centros y consulta privada. Se desempeña actualmente en Centro de Estimulación y Desarrollo Infantil “Timón” y en consulta particular.[/vc_column_text][vc_column_text]CORREO DE CONTACTO:<strong> to.sandycatalan@gmail.com / sandy.catalan@centrotimon.cl<br />
</strong></p>
<p>REGISTRO NACIONAL DE PRESTADORES DE SALUD: 285814[/vc_column_text][/vc_column][/vc_row]</p>
</div>
